 p be -7*(-1 - 2*-1). What is the units digit of m(p)?
6
Suppose u - 2*t = 1, 3*u + 3*t - 21 = -0. Suppose -u*f + 36 = -9. What is the units digit of f?
9
Let d be (0 - -1 - 2)*-2. Suppose -m - 24 = -3*k, 0*m = -d*k - 3*m + 5. What is the units digit of k?
7
Suppose -f - 2*f = -123. Let g = f + -21. What is the tens digit of g?
2
Let c be (1 - 0)*6/3. Let s be (-2 - -3) + -3 + c. Suppose s = 3*u - 8*u + 25. What is the units digit of u?
5
Let x = 12 - 12. What is the units digit of (x - -2)/(-2) + 16?
5
Let o = -11 - -15. Let v = o + 14. What is the tens digit of v?
1
Let p = -74 - 13. Let h = p + 53. What is the tens digit of 1/((-2)/h) + -3?
1
Let y(i) = -i + 26. What is the units digit of y(0)?
6
Let f = -181 - -319. What is the units digit of f?
8
Let x(w) = -w**3 + 5*w**2 + w - 6. Let i be x(5). What is the units digit of -1 - (-18 + (-3)/i)?
4
Suppose 3*w + 5*k - 28 = -w, 5*w + k - 14 = 0. What is the units digit of 4*(-1)/w*-6?
2
Let b(z) = z**2 - 3*z - 1. Suppose 2*l = 2*t - 2 - 0, 11 = -t - 2*l. Let r be b(t). Let j = -10 + r. What is the units digit of j?
7
Suppose -4*n + 20 = j - 0*n, 0 = 4*j - 3*n + 15. Let o = 12 + 12. Suppose o = 3*g - 4*i - j, 0 = -3*i. What is the units digit of g?
8
Suppose m - 4 = -m. Suppose -5*n - 3*f - 10 = -m*f, -4*n - 8 = -3*f. Let j(y) = -5*y - 3. What is the units digit of j(n)?
7
Suppose 0*r - 4 = -r. Let i(t) = 2*t - 5. Let s be i(r). Suppose s*y + 4*d - 14 = 14, -41 = -5*y - d. What is the units digit of y?
8
Suppose -2*t + 207 + 394 = -q, 1220 = 4*t + 4*q. What is the units digit of t?
2
Suppose -y + 37 = 3*y + s, y = -4*s + 13. Let b(c) = -c**2 - 7*c - 6. Let g be b(-6). Suppose g*x + y = 3*x. What is the units digit of x?
3
Suppose 3*i + 215 = p, 2*i = 6*i + 20. What is the units digit of p?
0
Let f = 11 - -9. Suppose 0 = 5*t - 3*t - f. What is the units digit of t?
0
Let k = 128 + -25. What is the units digit of k?
3
Let p(w) = -w - 12. Let o be p(-9). Let g = o + 12. What is the units digit of g?
9
Let x(f) = f + 6. What is the units digit of x(-2)?
4
Let m(r) = r**2 + r + 2. Let k be m(-2). Suppose -k*g = -5*g + 21. What is the tens digit of g?
2
Let l(m) = 7*m + 2. Let a be l(8). Suppose 13*s - 11*s = a. What is the units digit of s?
9
Suppose -4*v = d - 4*d + 24, 5 = 5*d + 5*v. Suppose 3*g - 21 = z - 3*z, 20 = -d*g. What is the tens digit of z?
1
Let c(r) be the second derivative of -r**3/6 - 4*r**2 + r. Let k be c(-8). Suppose -2*i + t + 13 = k, 4*i - 4*t - 41 = -7*t. What is the units digit of i?
8
Let z(w) = w**3 - 11*w**2 + 10*w + 8. Let p be z(10). Suppose -p = -a + 3*k, 5*a + 53 = -5*k + 153. What is the tens digit of a?
1
Suppose 89 + 34 = 3*m. What is the tens digit of m?
4
Suppose -5*x - 3*w = -254, -w = 9*x - 4*x - 248. What is the units digit of x?
9
Let n(o) = o**3 - 6*o**2 - 6*o - 7. Let z be n(7). Suppose z = 5*u - 3*u - 10. What is the units digit of u?
5
Let t(a) = 2*a**2 - 2*a + 1. Let k be t(2). Suppose -3*s - k*w + 139 = 0, 4*w + 45 = 2*s - 11. What is the tens digit of s?
3
Let n = 15 + 45. What is the units digit of n?
0
Let d(y) = 8*y**2 - 4*y - 7. What is the hundreds digit of d(-5)?
2
Let f = 1 + -2. Let y(k) = -13*k**3 + k + 1. What is the units digit of y(f)?
3
Suppose h - 5*n + 1 = 0, 4*n = 2*n + 2. Suppose 0 = 5*v - 3*g - g + 10, -2*v = h*g + 32. Let c = -3 - v. What is the units digit of c?
3
Let z(s) = s**3 - 5*s**2 - 5*s - 5. Suppose 0 = -3*p - c + 4, 8 = 3*p + 3*c - c. Suppose p = j + 4 - 10. What is the units digit of z(j)?
1
Let o = -3 - -5. Suppose -d + s = d - 4, 0 = -o*d - s + 12. Suppose 4 + 44 = d*a. What is the units digit of a?
2
What is the units digit of (5/10)/((-1 + 0)/(-122))?
1
Suppose -2*k - 42 = k. What is the tens digit of (-98)/(-6) + k/(-21)?
1
Let s = 24 - 8. Suppose u = -3*z + s, 5*z = -5*u + 3*z + 41. What is the units digit of u?
7
Suppose 4*g - 5*m = 2 + 97, 3*m = -5*g + 170. Let c = -16 + g. What is the units digit of c?
5
Suppose -5*r = 2*a + 6, -2*a + a = -4*r + 3. Suppose 4*c = -2*j, -j - c + 1 + 3 = r. What is the units digit of j?
8
What is the tens digit of (11 - -439)*(-4)/30*-3?
8
Let a be 6 + (0 - -1) + -5. Suppose q + q = -a*t + 46, 0 = -4*t - 16. What is the tens digit of q?
2
Let p(t) = t**3 - t**2 + 2*t - 3. Let r be p(2). Let k(c) = -7*c**2 - 3*c. Let g(l) = 4*l**2 + l. Let d(y) = 11*g(y) + 6*k(y). What is the units digit of d(r)?
5
Let p be 12/54 + 4/(-18). Suppose y + 3*y - 144 = p. What is the units digit of y?
6
Suppose -4*p + 5*p - 68 = 0. What is the units digit of p?
8
What is the hundreds digit of 4 + 0/3 + 215?
2
Let b = -37 - -17. Let z be (20/(-25))/(2/b). Suppose -5*j - 2*g = -26, g + z - 31 = -5*j. What is the units digit of j?
4
Let f(s) = -5*s**3 - 1. Let y be f(-1). Let z be y/6 + 8/6. What is the units digit of 3*(3 - (z + 0))?
3
Let k = -2 + 5. Suppose -k*s + 8 = -2*s. Suppose -s = 5*p - 23. What is the units digit of p?
3
Suppose g + 16 = v + 5*g, 3*g = 9. Suppose -3*d - 6 = -2*o, -v*o + 8 + 2 = -5*d. Suppose -j + 2 = -o*j. What is the units digit of j?
2
Let m be 6/(-6) - (1 - -12). Let o(k) = 24*k**3 - k**2 + k. Let g be o(1). Let n = m + g. What is the tens digit of n?
1
Let x = 4 + -6. What is the units digit of (0 + x)*(-27)/6?
9
Let z(d) = d**3 - 9*d**2 + 4*d + 7. Let v be z(8). Let g = v + 36. Suppose g = 5*f - 49. What is the units digit of f?
2
Suppose 3*m - u = 6 - 17, -3*u + 5 = 5*m. Let a be (-9)/m*(-10)/(-15). Let f = 7 + a. What is the tens digit of f?
1
Let h(p) = 3*p + 1. Let z = -3 - -8. Let u be h(z). Let n = u - 7. What is the units digit of n?
9
Let d = 349 + -155. What is the units digit of d?
4
Let v(b) = b**2 + 4*b. What is the units digit of v(-5)?
5
Suppose -4*k - 21 = -53. Suppose 2*o + k = -3*z, -2*o - 4*z - 11 = o. What is the units digit of o/6 - 183/(-18)?
0
Suppose 2*a - 8*m - 46 = -4*m, -5*a + 150 = -3*m. What is the tens digit of a?
3
What is the units digit of ((-9)/(-6))/((-12)/(-32))?
4
Let f(k) = 4*k**2 + k + 69. What is the units digit of f(0)?
9
Let s(i) be the second derivative of 0 - 3*i - 1/3*i**3 + 0*i**2. What is the units digit of s(-5)?
0
Let j(t) = -t**2 + 5*t + 3. Let k be j(3). Suppose -k = -3*c + 5*h, -4 = 3*c + h + 5. Let u(v) = -4*v. What is the units digit of u(c)?
8
Let d(j) = 10*j + 3. What is the tens digit of d(1)?
1
Let u(z) = -46*z**3 - 2*z - 1. What is the tens digit of u(-1)?
4
Let d(w) = -w**3 - 4*w**2 + 2. Let g be d(-4). Suppose 3*y = -g*l + 31, l - 2*y + 50 = 6*l. What is the units digit of l?
8
Suppose 4*l + 107 = 4*y + 39, 3*l = -12. Let m = -9 + y. What is the units digit of m?
4
Suppose -i + 47 = -170. What is the tens digit of i?
1
Let r(f) = 2*f**2 - 8*f**2 - 7 - 2*f - 3*f**3 + 2*f**3. Let d be r(-6). Suppose 23 = d*x + y, -3*x - 11 = -4*x + 3*y. What is the units digit of x?
5
Suppose 9 = 4*s - 3. Let u be (-1)/(((-6)/20)/3). Suppose -s*c - 21 = -3*d, c = -4*d + u - 2. What is the units digit of d?
3
Suppose -3*k = 2*k - 35. Suppose -4*o = -k*o + 15. What is the units digit of o?
5
Suppose c + 74 = -c. Let o = c - -52. What is the units digit of o?
5
Let z be (0 - -7 - -3)/2. Suppose 3*p = z*p - 22. What is the units digit of p?
1
Suppose -5*p = -g - 123 + 35, 12 = -4*g. Let v = -5 + p. Suppose v = -0*i + 4*i. What is the units digit of i?
3
Let f be (2 - 5 - 0) + 5. Suppose -3*n = f*n - 140. What is the units digit of n?
8
Let a(t) be the third derivative of t**6/120 - 3*t**5/20 - 3*t**4/8 - 5*t**3/6 + 3*t**2. What is the units digit of a(10)?
5
Let l be (-2035)/(-45) - (-2)/(-9). Suppose 124 = 5*i + 2*f, -4*f - l = -4*i + 43. What is the tens digit of i?
2
Let p = -8 - -20. What is the tens digit of p?
1
What is the tens digit of 4/(-1*(-2)/72)?
4
What is the tens digit of -1 + -142*(-3)/6?
7
Let m = -1 + 1. Let r = 3 - m. Suppose i - 20 = -0*x - r*x, x - 3*i - 20 = 0. What is the units digit of x?
8
Let b(c) = -4*c - 10. Let v = -10 + 3. Let u be b(v). Suppose 5*o - u - 2 = 0. What is the units digit of o?
4
Let f be 14664/28 + (-4)/(-14). What is the tens digit of (-4)/(-24) + f/24?
2
Let z(u) be the first derivative of -u**4/4 + u**3 - u**2 + 2. Let m be z(2). Suppose -2*a = -m*a - 2. What is the units digit of a?
1
Let b(c) = c. Let s be b(5). Let a = s + -2. Suppose 2*i - 17 = -a. What is the units digit of i?
7
Let z =